n 6016632 is divided by 601657.
62
Calculate the remainder when 207040 is divided by 2121.
1303
Calculate the remainder when 373385 is divided by 19651.
16
What is the remainder when 932673083 is divided by 246?
245
What is the remainder when 561507 is divided by 62383?
60
What is the remainder when 46515932 is divided by 43?
37
What is the remainder when 205473075 is divided by 3?
0
What is the remainder when 163275 is divided by 2271?
2034
Calculate the remainder when 203027 is divided by 762.
335
What is the remainder when 2500629 is divided by 1270?
1269
Calculate the remainder when 719912 is divided by 4.
0
Calculate the remainder when 8771745 is divided by 584782.
15
What is the remainder when 74436191 is divided by 2243?
2236
What is the remainder when 298080435 is divided by 469?
450
What is the remainder when 429264 is divided by 2425?
39
Calculate the remainder when 265034 is divided by 4337.
477
What is the remainder when 8640150 is divided by 180002?
54
Calculate the remainder when 3512304 is divided by 3512295.
9
What is the remainder when 317582 is divided by 70?
62
What is the remainder when 251214 is divided by 60?
54
Calculate the remainder when 8933242 is divided by 113079.
1
What is the remainder when 1060209 is divided by 106?
103
Calculate the remainder when 3452995 is divided by 3.
1
Calculate the remainder when 51359712 is divided by 75.
12
Calculate the remainder when 33860086 is divided by 11.
7
Calculate the remainder when 26177716 is divided by 853.
852
Calculate the remainder when 2367162 is divided by 591777.
54
Calculate the remainder when 2955656 is divided by 28977.
2
Calculate the remainder when 3533239 is divided by 114.
37
Calculate the remainder when 225312 is divided by 708.
168
What is the remainder when 12930 is divided by 130?
60
Calculate the remainder when 132522 is divided by 4926.
4446
Calculate the remainder when 612912 is divided by 29119.
1413
What is the remainder when 16804475 is divided by 43?
32
Calculate the remainder when 809635 is divided by 809460.
175
Calculate the remainder when 421345 is divided by 1708.
1177
Calculate the remainder when 210813 is divided by 1744.
1533
What is the remainder when 28851973 is divided by 213718?
43
Calculate the remainder when 12556 is divided by 5981.
594
What is the remainder when 553998 is divided by 68860?
3118
Calculate the remainder when 20206177 is divided by 1169.
12
Calculate the remainder when 7554570 is divided by 60.
30
What is the remainder when 27779550 is divided by 22?
18
Calculate the remainder when 1379292 is divided by 48.
12
What is the remainder when 1857481 is divided by 363?
10
Calculate the remainder when 990546 is divided by 63.
60
Calculate the remainder when 55738 is divided by 7939.
165
Calculate the remainder when 392700934 is divided by 43.
37
Calculate the remainder when 2689532 is divided by 44.
32
What is the remainder when 4879 is divided by 332?
231
What is the remainder when 334840 is divided by 25750?
90
What is the remainder when 34829556 is divided by 8707386?
12
What is the remainder when 57889 is divided by 57585?
304
What is the remainder when 365365 is divided by 1377?
460
What is the remainder when 57071462 is divided by 8220?
2
What is the remainder when 3495057 is divided by 194158?
213
What is the remainder when 466800 is divided by 58325?
200
Calculate the remainder when 6260890 is divided by 118130.
0
What is the remainder when 39255115 is divided by 19627549?
17
Calculate the remainder when 16168 is divided by 16022.
146
Calculate the remainder when 2511013 is divided by 26999.
106
What is the remainder when 81665151 is divided by 1601277?
24
Calculate the remainder when 689845 is divided by 29947.
1064
Calculate the remainder when 9018647 is divided by 9018621.
26
What is the remainder when 7772895 is divided by 597915?
0
What is the remainder when 478504 is divided by 237992?
2520
Calculate the remainder when 196905 is divided by 28035.
660
Calculate the remainder when 53192 is divided by 17628.
308
What is the remainder when 620770 is divided by 1591?
280
Calculate the remainder when 799389 is divided by 2007.
603
Calculate the remainder when 104079409 is divided by 46464.
49
Calculate the remainder when 29512684 is divided by 112.
12
Calculate the remainder when 769114 is divided by 380.
374
What is the remainder when 158795 is divided by 371?
7
Calculate the remainder when 1781182 is divided by 437.
407
Calculate the remainder when 242477 is divided by 1237.
25
Calculate the remainder when 268925330 is divided by 603.
596
What is the remainder when 20555828 is divided by 463?
17
What is the remainder when 4267887 is divided by 5033?
4936
Calculate the remainder when 123488 is divided by 106.
104
Calculate the remainder when 469688 is divided by 27.
23
What is the remainder when 153865 is divided by 30709?
320
Calculate the remainder when 55545 is divided by 4615.
165
What is the remainder when 3268012 is divided by 507?
397
Calculate the remainder when 79519015 is divided by 257343.
28
Calculate the remainder when 12064000 is divided by 6029.
6000
What is the remainder when 2440981 is divided by 6042?
13
What is the remainder when 348605276 is divided by 96?
92
What is the remainder when 133328 is divided by 4571?
769
What is the remainder when 4367 is divided by 1478?
1411
What is the remainder when 420278 is divided by 6889?
49
What is the remainder when 87602333 is divided by 73?
70
What is the remainder when 2838070 is divided by 93?
82
Calculate the remainder when 837513 is divided by 2153.
2149
Calculate the remainder when 111130019 is divided by 626.
621
Calculate the remainder when 1166387 is divided by 1166288.
99
What is the remainder when 19161713 is divided by 46?
45
Calculate the remainder when 7611256 is divided by 16.
8
What is the remainder when 8794186 is divided by 897?
895
Calculate the remainder when 2598367 is divided by 716.
3
What is the remainder when 5057 is divided by 398?
281
What is the remainder when 661500 is divided by 259?
14
Calculate the remainder when 904954 is divided by 4022.
4
Calculate the remainder when 2523709 is divided by 7.
6
What is the remainder when 638972 is divided by 758?
736
What is the remainder when 175369481 is divided by 58456468?
77
What is the remainder when 53632 is divided by 379?
193
Calculate the remainder when 51551036 is divided by 339.
323
What is the remainder when 3914074 is divided by 5994?
5986
Calculate the remainder when 1214925 is divided by 118.
115
What is the remainder when 1060837 is divided by 980?
477
What is the remainder when 167275 is divided by 1786?
1177
Calculate the remainder when 973109 is divided by 161.
25
What is the remainder when 7058883 is divided by 1351?
1259
Calculate the remainder when 36123100 is divided by 54.
16
What is the remainder when 420464516 is divided by 280?
276
Calculate the remainder when 2058612 is divided by 356.
220
Calculate the remainder when 17092279 is divided by 37401.
22
Calculate the remainder when 201254 is divided by 10578.
272
Calculate the remainder when 344983 is divided by 1994.
21
What is the remainder when 592611 is divided by 1457?
1069
Calculate the remainder when 138994 is divided by 69423.
148
Calculate the remainder when 1490225 is divided by 1582.
1563
Calculate the remainder when 33723134 is divided by 4.
2
What is the remainder when 43747011 is divided by 93?
90
What is the remainder when 59296269 is divided by 357?
354
Calculate the remainder when 11483512 is divided by 442.
352
What is the remainder when 1316354 is divided by 24370?
374
What is the remainder when 25253517 is divided by 142?
95
Calculate the remainder when 1342790998 is divided by 15.
13
Calculate the remainder when 41562 is divided by 19056.
3450
Calculate the remainder when 6451900 is divided by 716877.
7
What is the remainder when 2400523 is divided by 3405?
3403
What is the remainder when 41220575 is divided by 1792198?
21
What is the remainder when 532635 is divided by 202?
163
Calculate the remainder when 1996419 is divided by 1042.
989
What is the remainder when 1494491 is divided by 4916?
27
Calculate the remainder when 58246 is divided by 2335.
2206
What is the remainder when 100192 is di